 is x(6)?
-6
Let f(c) = -4*c - 30. What is f(-14)?
26
Let a(w) = -w**3 - 5*w**2 - 7*w - 3. Determine a(-3).
0
Let y(d) = d**3 - 5*d**2 - 11*d + 3. Give y(8).
107
Let m(x) = x**2 - 13*x - 3. Give m(2).
-25
Let q(t) = 4*t - 23. Determine q(7).
5
Let a(d) = -3*d**3 + 3*d**2 - 3*d + 3. Give a(2).
-15
Let f(n) = -n**3 + 6*n**2 - 5*n - 3. Give f(5).
-3
Let h(t) = 36*t. Determine h(1).
36
Let v(n) = -n**2 - 7*n - 6. Calculate v(-6).
0
Let n(w) = w**2 - 9*w - 3. Give n(10).
7
Let g(p) = p - 1. What is g(13)?
12
Let f(m) = -m**3 - 14*m**2 - 10*m + 30. Determine f(-13).
-9
Let z(r) = -r**2 - 12*r + 14. What is z(-18)?
-94
Let v(r) = -r**2 + 9*r - 2. Determine v(10).
-12
Let y(o) = o**2 + 8*o - 3. What is y(-15)?
102
Let z(p) = 24*p**3 + p**2 - 2*p - 2. Give z(-1).
-23
Let a(x) = x**3 - 6*x**2 - 3*x - 6. What is a(7)?
22
Let t(p) = p**3 + 5*p**2 + 4*p + 19. Give t(-5).
-1
Let s(p) = -p**3 - p**2 - 8*p - 5. Determine s(0).
-5
Let m(u) = 2*u + 10. Calculate m(0).
10
Let d(m) = -7*m**2 + 7*m + 5. Calculate d(-3).
-79
Let w(t) = 4*t**3 + t**2 + 6*t + 4. Determine w(-2).
-36
Let f(j) = -j**2 + 13*j - 47. Calculate f(5).
-7
Let q(u) = -81*u**3 + u**2 - 1. What is q(1)?
-81
Let h(i) = -7*i**2 + 24*i - 51. Determine h(2).
-31
Let g(c) = -c**3 - 4*c**2 + c - 4. What is g(-4)?
-8
Let o(f) = f + 4. Calculate o(6).
10
Let w(v) = v**2 - 7*v - 3. Determine w(6).
-9
Let q(z) = 4*z + 6. Give q(-2).
-2
Let m(o) = -4*o + 1. What is m(9)?
-35
Let k(a) = a**3 - 30*a**2 - 32. What is k(30)?
-32
Let z(h) = -h**3 - 5*h**2 + 14*h - 3. What is z(-7)?
-3
Let j(t) = t**2 + 8*t - 4. Give j(-9).
5
Let s(x) = -x**2 + 2*x + 47. What is s(-8)?
-33
Let y(w) = 2*w**3 + w**2 - 2*w - 2. Determine y(-2).
-10
Let q(k) = 7*k**2 - k - 2. Determine q(-2).
28
Let i(m) = 5*m - 35. Determine i(8).
5
Let u(r) = -r**2 + 6*r + 21. Give u(9).
-6
Let b(x) = -6*x**3 + 2*x + 1. Calculate b(-1).
5
Let s(o) = -5*o + 2. Calculate s(-3).
17
Let q(d) = -d**2 - 2*d + 7. What is q(0)?
7
Let g(v) = v**3 + v**2 - v. Determine g(0).
0
Let t(m) = -m**3 + 3*m**2 + 6*m + 4. Give t(-1).
2
Let o(f) = -36*f**3 + f**2. What is o(-1)?
37
Let u(z) = -z**2 + 19*z - 22. Give u(18).
-4
Let q(u) = u**3 + 25*u**2 + 30*u - 21. What is q(-24)?
-165
Let m(y) = 3*y**3 + 18*y**2 + y - 63. Calculate m(-5).
7
Let s(t) = -3*t**2 + 194*t + 56. Calculate s(65).
-9
Let n(r) = -r**2 - 17*r - 47. What is n(-14)?
-5
Let u(b) = -3*b**3 - 6*b**2. Determine u(-1).
-3
Let g(y) = y**3 + 12*y**2 - 12*y - 10. What is g(-13)?
-23
Let a(x) = 5*x**3 + x**2 + 2*x + 1. Determine a(2).
49
Let y(b) = 155*b + 621. Give y(-4).
1
Let v(x) = 24*x + 9. Calculate v(-4).
-87
Let h(a) = a**3 - 9*a**2 + 3*a + 25. What is h(8)?
-15
Let i(m) = 28*m - 35. Determine i(-2).
-91
Let n(x) = x**2 + 3*x - 7. Give n(5).
33
Let l(p) = p - 1. What is l(11)?
10
Let l(a) = a**2 - a + 8. What is l(-6)?
50
Let l(s) = s**3 + 12*s**2 - 16*s - 18. Calculate l(-13).
21
Let s(t) = t + 2. Calculate s(6).
8
Let v(x) = -x - 18. Give v(-23).
5
Let k(l) = -5*l - 6. Give k(-5).
19
Let u(l) = -l**3 - 35*l**2 - 68*l - 72. Calculate u(-33).
-6
Let p(s) = -7*s + 23. What is p(5)?
-12
Let b(f) = -f - 19. Determine b(-22).
3
Let m(r) = r**2 + 24*r + 61. What is m(-20)?
-19
Let c(i) = -i**2 - 11*i - 31. Calculate c(-6).
-1
Let t(l) = 63*l**3 + l**2 - 2*l. Determine t(1).
62
Let o(q) = -2*q**2 + 17*q + 20. Determine o(9).
11
Let k(m) = 3*m + 12. What is k(-7)?
-9
Let x(j) = 15*j**3 - j**2 + 2*j - 2. Give x(1).
14
Let v(t) = 3*t - 40. What is v(14)?
2
Let u(z) = 3*z - 47. Calculate u(17).
4
Let k(a) = -37*a + 10. Determine k(-4).
158
Let g(a) = -a**2 - 7*a - 22. What is g(-5)?
-12
Let m(q) = -q**2 + 16*q + 119. Calculate m(-5).
14
Let a(y) = y + 1. Give a(5).
6
Let f(u) = u**3 + 6*u**2 - 74*u - 423. Calculate f(-9).
0
Let z(j) = -j**3 - 7*j**2 - 6*j + 2. Calculate z(-5).
-18
Let t(v) = -4*v - 8. Calculate t(-5).
12
Let n(d) = -d**3 - 6*d**2 + 7*d - 9. Determine n(-7).
-9
Let o(p) = 57*p + 1140. Determine o(-20).
0
Let y(t) = -t**2 + 4*t - 17. Calculate y(5).
-22
Let c(d) = -8*d + 2. Calculate c(2).
-14
Let t(u) = -3*u + 5. Determine t(-11).
38
Let b(x) = x**3 + 7*x**2 + 2*x - 8. Determine b(-6).
16
Let u(c) = c**2 + 5*c - 16. What is u(-4)?
-20
Let j(y) = 2*y - 14. What is j(9)?
4
Let s(m) = 2*m**2 + 13*m + 6. Determine s(-6).
0
Let d(f) = -6*f - 4. What is d(-2)?
8
Let g(i) = -i**3 + 8*i**2 + 11*i - 122. Calculate g(7).
4
Let u(s) = s - 12. Calculate u(-3).
-15
Let l(j) = 21*j + 503. Give l(-24).
-1
Let x(o) = -o**2 + 11*o + 14. Calculate x(11).
14
Let k(o) = -o - 6. What is k(-5)?
-1
Let l(q) = -q**2 + 5*q - 17. What is l(5)?
-17
Let t(d) = -40*d + 32. Calculate t(2).
-48
Let o(f) = 5*f**3 + 2*f**2 - 2*f - 2. Determine o(2).
42
Let v(y) = 2*y - 12. Determine v(9).
6
Let m(r) = r**3 - 30*r**2 + 9. What is m(30)?
9
Let x(t) = 2*t + 61. Calculate x(-23).
15
Let k(z) = 2*z + 27. Give k(-10).
7
Let g(m) = 2*m**2 - 13*m + 1. Calculate g(6).
-5
Let f(p) = -2*p + 14. Give f(8).
-2
Let y(d) = 4*d - 14. Give y(-3).
-26
Let y(f) = -3*f**3 - f**2 - 4*f + 4. What is y(-2)?
32
Let a(g) = 3*g**2 - 4*g + 2. What is a(2)?
6
Let z(l) = l + 22. Give z(-22).
0
Let l(x) = -x**3 - 10*x**2 - 3*x - 4. Give l(-9).
-58
Let d(b) = -4*b**2 - 17*b. Determine d(-7).
-77
Let f(z) = -z**2 - 11*z - 27. What is f(-4)?
1
Let s(g) = g**2 + 6*g - 6. Calculate s(-8).
10
Let r(k) = -3*k + 18. Calculate r(6).
0
Let m(q) = -3*q - 3. Calculate m(3).
-12
Let d(y) = y**2 + 18*y + 20. Give d(-17).
3
Let c(o) = 2*o**2 - 4*o + 2. Calculate c(4).
18
Let r(t) = -6*t - 9. What is r(-5)?
21
Let r(a) = -a**2. What is r(-1)?
-1
Let m(w) = -w**3 + 4*w**2 - 5*w + 12. Give m(3).
6
Let a(u) = 2*u**3 + 9*u**2 - 2*u - 12. Calculate a(-4).
12
Let a(w) = -w**3 + 2*w**2 - 5*w + 4. Give a(2).
-6
Let g(c) = c**3 + 17*c**2 - 2*c - 22. Give g(-17).
12
Let k(b) = -b + 21. What is k(10)?
11
Let h(y) = 9*y**2 + 5*y + 3. Give h(-1).
7
Let s(c) = c**2 - 15*c + 1. Give s(15).
1
Let d(i) = -2*i**3 - 4*i**2 - 5*i - 3. Give d(-4).
81
Let v(s) = -s**3 - 15*s**2 + 20*s + 13. What is v(-16)?
-51
Let h(d) = -d**3 - 2*d**2 + 7*d + 6. What is h(-4)?
10
Let h(r) = -4*r - 7. Give h(-3).
5
Let n(h) = h**2 + 9*h - 24. Calculate n(-19).
166
Let h(a) = 4*a + 12. Give h(-4).
-4
Let o(p) = -p**3 - 6*p**2 - p + 3. Determine o(-6).
9
Let u(f) = f**2 - 24*f - 59. Determine u(26).
-7
Let d(z) = -z**2 - 6*z + 22. What is d(4)?
-18
Let g(t) = -2*t**3 + t**2 + 6*t - 6. Calculate g(2).
-6
Let s(y) = 4*y**2 + 8*y + 2. Give s(-1).
-2
Let i(b) = -b**3 + b**2 - 14. Give i(0).
-14
Let v(l) = -5*l + 3. Determine v(-3).
18
Let x(a) = 10*a**3 + 3*a**2 + a - 2. Give x(-2).
-72
Let k(w) = -w**3 - w**2 + w - 4. Calculate k(-3).
11
Let r(u) = u**3 - 7*u**2 + 8*u - 12. Give r(6).
0
Let j(a) = -11*a**2 - a - 4. What is j(-2)?
-46
Let c(t) = t**2 - 10*t - 1. What is c(8)?
-17
Let k(n) = -4*n**3 + 107*n**2 + 29*n - 63. Give k(27).
-9
Let r(g) = -g**2 + 7*g - 9. Give r(5).
1
Let u(y) = 18*y + 496. Calculate u(-27).
10
Let k(r) = r + 28. Calculate k(-15).
13
Let g(r) = -3*r + 4. Give g(-3).
13
Let z(k) = -k**3 - 10*k**2 - 2*k - 11. Calculate z(-10).
9
Let x(o) = o**2 - 10*o + 6. Determine x(10).
6
Let a(u) = -2*u**2 - 7*u + 51. What is a(-7)?
2
Let g(v) = -v**3 - 4*v**2 - 6*v. Calculate g(-3).
9
Let u(g) = -6*g - 12. Determine u(-5).
18
Let l(n) = -n**3 - 15*n**2 - 13*n + 14. Give l(-14).
0
Let p(v) = -v**3 + v**2 - 2*v - 5. Calculate p(-2).
11
Let b(q) = -17*q + 64. What is b(4)?
-4
Let t(s) = 10*s**2 + 2*s - 1. Determine t(1).
11
Let a(p) = 6*p - 2. Determine a(-1).
-8
Let n(o) = -2*o**2 + 43*o + 65. What is n(23)?
-4
Let r(o) = 2*o**2 - 14*o - 7. Determine r(7).
-7
Let s(l) = 4*l + 1. What is s(6)?
25
Let s(t) = -t**3 - 12*t**2 - 14*t - 13. Give s(-11).
20
Let z(s) = 3*s - 4. Calculate z(8).
20
Let d(k) = -k - 5. What is d(-12)?
7
Let j(h) = -20*h - 39. Calculate j(-2).
1
Let q(w) = 9*w + 92. What is q(-8)?
20
Let q(f) = -f**2 - 3*f + 21. Determine q(-5).
11
Let l(n) = -n**2 + 3*n - 4. Give l(4).
-8
Let j(g) = 3*g + 4. Calculate j(-6).
-14
Let u(q) = -q + 14. What is u(5)?
9
Let f(b) = -b**3 + b - 69. Give f(0).
-69
Let p(x) = 18*x + 13. Give p(-6).
-95
Let p(t) = -t**2 - 7*t - 15. Determine p(-3).
-3
Let v(k) = -4*k**2 + 10*k + 20. What is v(4)?
-4
Let k(n) = -n**2 + 14*n + 26. Determine k(15).
11
Let